{"id":1186,"date":"2020-01-22T17:17:07","date_gmt":"2020-01-22T16:17:07","guid":{"rendered":"\/content\/?page_id=1186"},"modified":"2020-09-24T19:50:45","modified_gmt":"2020-09-24T17:50:45","slug":"jahreskonzert-2019","status":"publish","type":"page","link":"\/content\/jahreskonzert-2019\/","title":{"rendered":"Jahreskonzert 2019"},"content":{"rendered":"<p>[et_pb_section fb_built=&#8220;1&#8243; fullwidth=&#8220;on&#8220; _builder_version=&#8220;4.6.3&#8243; _module_preset=&#8220;default&#8220;][et_pb_fullwidth_header title=&#8220;@ET-DC@eyJkeW5hbWljIjp0cnVlLCJjb250ZW50IjoicG9zdF90aXRsZSIsInNldHRpbmdzIjp7ImJlZm9yZSI6IiIsImFmdGVyIjoiIn19@&#8220; _builder_version=&#8220;4.6.3&#8243; _module_preset=&#8220;default&#8220; use_background_color_gradient=&#8220;on&#8220; background_color_gradient_start=&#8220;rgba(0,0,0,0.64)&#8220; background_color_gradient_end=&#8220;rgba(0,0,0,0)&#8220; background_color_gradient_direction=&#8220;360deg&#8220; background_color_gradient_overlays_image=&#8220;on&#8220; background_image=&#8220;\/content\/wp-content\/uploads\/2019\/09\/Breadcrumb.jpg&#8220; hover_enabled=&#8220;0&#8243; text_shadow_style=&#8220;preset3&#8243; text_shadow_blur_strength=&#8220;0.78em&#8220; saved_tabs=&#8220;all&#8220; global_module=&#8220;1406&#8243; _dynamic_attributes=&#8220;title&#8220; sticky_enabled=&#8220;0&#8243;][\/et_pb_fullwidth_header][\/et_pb_section][et_pb_section fb_built=&#8220;1&#8243; _builder_version=&#8220;4.6.3&#8243; _module_preset=&#8220;default&#8220; custom_padding=&#8220;||27px|||&#8220;][et_pb_row _builder_version=&#8220;4.6.3&#8243; _module_preset=&#8220;default&#8220;][et_pb_column _builder_version=&#8220;4.6.3&#8243; _module_preset=&#8220;default&#8220; type=&#8220;4_4&#8243; hover_enabled=&#8220;0&#8243; sticky_enabled=&#8220;0&#8243;][et_pb_gallery _builder_version=&#8220;4.6.3&#8243; _module_preset=&#8220;default&#8220; hover_enabled=&#8220;0&#8243; sticky_enabled=&#8220;0&#8243; gallery_ids=&#8220;1155,1160,1159,1158,1153,1152,1156,1157,1154&#8243; fullwidth=&#8220;on&#8220; hover_icon=&#8220;%%23%%&#8220;][\/et_pb_gallery][\/et_pb_column][\/et_pb_row][\/et_pb_section][et_pb_section fb_built=&#8220;1&#8243; _builder_version=&#8220;4.6.3&#8243; _module_preset=&#8220;default&#8220; custom_padding=&#8220;0px|||||&#8220;][et_pb_row _builder_version=&#8220;4.6.3&#8243; _module_preset=&#8220;default&#8220; custom_padding=&#8220;||11px|||&#8220;][et_pb_column _builder_version=&#8220;4.6.3&#8243; _module_preset=&#8220;default&#8220; type=&#8220;4_4&#8243;][et_pb_text _builder_version=&#8220;4.6.3&#8243; _module_preset=&#8220;default&#8220; hover_enabled=&#8220;0&#8243; sticky_enabled=&#8220;0&#8243;]<\/p>\n<h1 style=\"text-align: center;\">Aufnahmen<\/h1>\n<p>[\/et_pb_text][\/et_pb_column][\/et_pb_row][\/et_pb_section][et_pb_section fb_built=&#8220;1&#8243; _builder_version=&#8220;3.22&#8243; custom_margin=&#8220;-68px|||||&#8220; custom_padding=&#8220;1px|||||&#8220;][et_pb_row column_structure=&#8220;1_2,1_2&#8243; _builder_version=&#8220;4.6.3&#8243; _module_preset=&#8220;default&#8220; min_height=&#8220;1429px&#8220;][et_pb_column type=&#8220;1_2&#8243; _builder_version=&#8220;4.6.3&#8243; _module_preset=&#8220;default&#8220;][et_pb_audio audio=&#8220;\/content\/wp-content\/uploads\/2020\/01\/\u00c4gyptischer-Marsch.mp3&#8243; title=&#8220;1. &#8211; \u00c4gyptischer Marsch&#8220; artist_name=&#8220;Joh. Strau\u00df&#8220; _builder_version=&#8220;4.6.3&#8243; _module_preset=&#8220;default&#8220; title_level=&#8220;h3&#8243; animation_style=&#8220;slide&#8220; border_radii=&#8220;on|21px|21px|21px|21px&#8220; border_color_all=&#8220;#c90c0c&#8220;][\/et_pb_audio][et_pb_audio audio=&#8220;\/content\/wp-content\/uploads\/2020\/01\/Reihental.mp3&#8243; title=&#8220;3. &#8211; Reihenthal&#8220; artist_name=&#8220;E. Lindbichler&#8220; _builder_version=&#8220;4.6.3&#8243; _module_preset=&#8220;default&#8220; title_level=&#8220;h3&#8243; animation_style=&#8220;slide&#8220; border_radii=&#8220;on|21px|21px|21px|21px&#8220; border_color_all=&#8220;#c90c0c&#8220;][\/et_pb_audio][et_pb_audio audio=&#8220;\/content\/wp-content\/uploads\/2020\/01\/Friedensbanner.mp3&#8243; title=&#8220;5. &#8211; Herz 8&#8243; artist_name=&#8220;E. Lindbichler&#8220; _builder_version=&#8220;4.6.3&#8243; _module_preset=&#8220;default&#8220; title_level=&#8220;h3&#8243; animation_style=&#8220;slide&#8220; border_radii=&#8220;on|21px|21px|21px|21px&#8220; border_color_all=&#8220;#c90c0c&#8220;][\/et_pb_audio][et_pb_audio audio=&#8220;\/content\/wp-content\/uploads\/2020\/01\/Michael-Jackson-King-of-Pop.mp3&#8243; title=&#8220;7. &#8211; Michael Jackson: King of Pop&#8220; artist_name=&#8220;F. Bernaerts&#8220; _builder_version=&#8220;4.6.3&#8243; _module_preset=&#8220;default&#8220; title_level=&#8220;h3&#8243; animation_style=&#8220;slide&#8220; border_radii=&#8220;on|21px|21px|21px|21px&#8220; border_color_all=&#8220;#c90c0c&#8220;][\/et_pb_audio][et_pb_audio audio=&#8220;\/content\/wp-content\/uploads\/2020\/01\/Udo-J\u00fcrgens-live.mp3&#8243; title=&#8220;9. &#8211; Udo J\u00fcrgens live&#8220; artist_name=&#8220;K. G\u00e4ble&#8220; _builder_version=&#8220;4.6.3&#8243; _module_preset=&#8220;default&#8220; title_level=&#8220;h3&#8243; animation_style=&#8220;slide&#8220; border_radii=&#8220;on|21px|21px|21px|21px&#8220; border_color_all=&#8220;#c90c0c&#8220;][\/et_pb_audio][et_pb_audio audio=&#8220;\/content\/wp-content\/uploads\/2020\/01\/Morgens-um-7.mp3&#8243; title=&#8220;11. &#8211; Morgens um 7&#8243; artist_name=&#8220;J. Last \/ G. Tinner&#8220; _builder_version=&#8220;4.6.3&#8243; _module_preset=&#8220;default&#8220; title_level=&#8220;h3&#8243; animation_style=&#8220;slide&#8220; border_radii=&#8220;on|21px|21px|21px|21px&#8220; border_color_all=&#8220;#c90c0c&#8220;][\/et_pb_audio][et_pb_audio audio=&#8220;\/content\/wp-content\/uploads\/2020\/01\/Deitschmeister-Regimentsmarsch.mp3&#8243; title=&#8220;13. &#8211; Deutschmeister-Reg.-Marsch&#8220; artist_name=&#8220;W. A. Jurek&#8220; _builder_version=&#8220;4.6.3&#8243; _module_preset=&#8220;default&#8220; title_level=&#8220;h3&#8243; animation_style=&#8220;slide&#8220; border_radii=&#8220;on|21px|21px|21px|21px&#8220; border_color_all=&#8220;#c90c0c&#8220;][\/et_pb_audio][\/et_pb_column][et_pb_column type=&#8220;1_2&#8243; _builder_version=&#8220;4.6.3&#8243; _module_preset=&#8220;default&#8220;][et_pb_audio audio=&#8220;\/content\/wp-content\/uploads\/2020\/01\/Heldenreise.mp3&#8243; title=&#8220;2. &#8211; Heldenreise&#8220; artist_name=&#8220;Chr. Eichberger&#8220; _builder_version=&#8220;4.6.3&#8243; _module_preset=&#8220;default&#8220; title_level=&#8220;h3&#8243; animation_style=&#8220;slide&#8220; border_radii=&#8220;on|21px|21px|21px|21px&#8220; border_color_all=&#8220;#c90c0c&#8220;][\/et_pb_audio][et_pb_audio audio=&#8220;\/content\/wp-content\/uploads\/2020\/01\/Im-Zigeunerlager.mp3&#8243; title=&#8220;4. &#8211; Im Zigeunerlager&#8220; artist_name=&#8220;E. Trojan&#8220; _builder_version=&#8220;4.6.3&#8243; _module_preset=&#8220;default&#8220; title_level=&#8220;h3&#8243; animation_style=&#8220;slide&#8220; border_radii=&#8220;on|21px|21px|21px|21px&#8220; border_color_all=&#8220;#c90c0c&#8220;][\/et_pb_audio][et_pb_audio audio=&#8220;\/content\/wp-content\/uploads\/2020\/01\/Friedensbanner.mp3&#8243; title=&#8220;6. &#8211; Friedensbanner&#8220; artist_name=&#8220;E. Lindbichler&#8220; _builder_version=&#8220;4.6.3&#8243; _module_preset=&#8220;default&#8220; title_level=&#8220;h3&#8243; animation_style=&#8220;slide&#8220; border_radii=&#8220;on|21px|21px|21px|21px&#8220; border_color_all=&#8220;#c90c0c&#8220;][\/et_pb_audio][et_pb_audio audio=&#8220;\/content\/wp-content\/uploads\/2020\/01\/Ein-Rendezvous-mit-dir.mp3&#8243; title=&#8220;8. &#8211; Ein Rendezvous mit Dir&#8220; artist_name=&#8220;E. Lindbichler&#8220; _builder_version=&#8220;4.6.3&#8243; _module_preset=&#8220;default&#8220; title_level=&#8220;h3&#8243; animation_style=&#8220;slide&#8220; border_radii=&#8220;on|21px|21px|21px|21px&#8220; border_color_all=&#8220;#c90c0c&#8220;][\/et_pb_audio][et_pb_audio audio=&#8220;\/content\/wp-content\/uploads\/2020\/01\/Romantische-Momente.mp3&#8243; title=&#8220;10. &#8211; Romantische Momente&#8220; artist_name=&#8220;E. Lindbichler&#8220; _builder_version=&#8220;4.6.3&#8243; _module_preset=&#8220;default&#8220; title_level=&#8220;h3&#8243; animation_style=&#8220;slide&#8220; border_radii=&#8220;on|21px|21px|21px|21px&#8220; border_color_all=&#8220;#c90c0c&#8220;][\/et_pb_audio][et_pb_audio audio=&#8220;\/content\/wp-content\/uploads\/2020\/01\/Weinkeller-Polka.mp3&#8243; title=&#8220;12. &#8211; Weinkeller-Polka&#8220; artist_name=&#8220;St. Stranger&#8220; _builder_version=&#8220;4.6.3&#8243; _module_preset=&#8220;default&#8220; title_level=&#8220;h3&#8243; animation_style=&#8220;slide&#8220; border_radii=&#8220;on|21px|21px|21px|21px&#8220; border_color_all=&#8220;#c90c0c&#8220;][\/et_pb_audio][et_pb_audio audio=&#8220;\/content\/wp-content\/uploads\/2020\/01\/Military-Escort.mp3&#8243; title=&#8220;14. &#8211; Military Escort&#8220; artist_name=&#8220;H. Bennett&#8220; _builder_version=&#8220;4.6.3&#8243; _module_preset=&#8220;default&#8220; title_level=&#8220;h3&#8243; animation_style=&#8220;slide&#8220; border_radii=&#8220;on|21px|21px|21px|21px&#8220; border_color_all=&#8220;#c90c0c&#8220;][\/et_pb_audio][\/et_pb_column][\/et_pb_row][\/et_pb_section]<\/p>\n","protected":false},"excerpt":{"rendered":"<p>Aufnahmen<\/p>\n","protected":false},"author":6,"featured_media":0,"parent":0,"menu_order":0,"comment_status":"closed","ping_status":"closed","template":"","meta":{"_et_pb_use_builder":"on","_et_pb_old_content":"<!-- wp:image {\"id\":1155,\"width\":596,\"height\":447} -->\n<figure class=\"wp-block-image is-resized\"><img src=\"\/content\/wp-content\/uploads\/2020\/01\/PC152565-1024x768.jpg\" alt=\"\" class=\"wp-image-1155\" width=\"596\" height=\"447\"\/><\/figure>\n<!-- \/wp:image -->\n\n<!-- wp:separator -->\n<hr class=\"wp-block-separator\"\/>\n<!-- \/wp:separator -->\n\n<!-- wp:audio {\"id\":1137} -->\n<figure class=\"wp-block-audio\"><audio controls src=\"\/content\/wp-content\/uploads\/2020\/01\/\u00c4gyptischer-Marsch.mp3\"><\/audio><figcaption>\u00c4gyptischer Marsch<\/figcaption><\/figure>\n<!-- \/wp:audio -->\n\n<!-- wp:audio {\"id\":1141} -->\n<figure class=\"wp-block-audio\"><audio controls src=\"\/content\/wp-content\/uploads\/2020\/01\/Heldenreise.mp3\"><\/audio><figcaption>Heldenreise<\/figcaption><\/figure>\n<!-- \/wp:audio -->\n\n<!-- wp:audio {\"id\":1147} -->\n<figure class=\"wp-block-audio\"><audio controls src=\"\/content\/wp-content\/uploads\/2020\/01\/Reihental.mp3\"><\/audio><figcaption>Reihental<\/figcaption><\/figure>\n<!-- \/wp:audio -->\n\n<!-- wp:audio {\"id\":1143} -->\n<figure class=\"wp-block-audio\"><audio controls src=\"\/content\/wp-content\/uploads\/2020\/01\/Im-Zigeunerlager.mp3\"><\/audio><figcaption>Im Zigeunerlager<\/figcaption><\/figure>\n<!-- \/wp:audio -->\n\n<!-- wp:audio {\"id\":1142} -->\n<figure class=\"wp-block-audio\"><audio controls src=\"\/content\/wp-content\/uploads\/2020\/01\/Herz-8.mp3\"><\/audio><figcaption>Herz 8<\/figcaption><\/figure>\n<!-- \/wp:audio -->\n\n<!-- wp:audio {\"id\":1140} -->\n<figure class=\"wp-block-audio\"><audio controls src=\"\/content\/wp-content\/uploads\/2020\/01\/Friedensbanner.mp3\"><\/audio><figcaption>Friedensbanner<\/figcaption><\/figure>\n<!-- \/wp:audio -->\n\n<!-- wp:audio {\"id\":1144} -->\n<figure class=\"wp-block-audio\"><audio controls src=\"\/content\/wp-content\/uploads\/2020\/01\/Michael-Jackson-King-of-Pop.mp3\"><\/audio><figcaption>Michael Jackson - King of Pop<\/figcaption><\/figure>\n<!-- \/wp:audio -->\n\n<!-- wp:audio {\"id\":1139} -->\n<figure class=\"wp-block-audio\"><audio controls src=\"\/content\/wp-content\/uploads\/2020\/01\/Ein-Rendezvous-mit-dir.mp3\"><\/audio><figcaption>Ein Rendezvous mit dir<\/figcaption><\/figure>\n<!-- \/wp:audio -->\n\n<!-- wp:audio {\"id\":1149} -->\n<figure class=\"wp-block-audio\"><audio controls src=\"\/content\/wp-content\/uploads\/2020\/01\/Udo-J\u00fcrgens-live.mp3\"><\/audio><figcaption>Udo J\u00fcrgens Live<\/figcaption><\/figure>\n<!-- \/wp:audio -->\n\n<!-- wp:audio {\"id\":1148} -->\n<figure class=\"wp-block-audio\"><audio controls src=\"\/content\/wp-content\/uploads\/2020\/01\/Romantische-Momente.mp3\"><\/audio><figcaption>Romantische Momente<\/figcaption><\/figure>\n<!-- \/wp:audio -->\n\n<!-- wp:audio {\"id\":1146} -->\n<figure class=\"wp-block-audio\"><audio controls src=\"\/content\/wp-content\/uploads\/2020\/01\/Morgens-um-7.mp3\"><\/audio><figcaption>Morgens um 7<\/figcaption><\/figure>\n<!-- \/wp:audio -->\n\n<!-- wp:audio {\"id\":1150} -->\n<figure class=\"wp-block-audio\"><audio controls src=\"\/content\/wp-content\/uploads\/2020\/01\/Weinkeller-Polka.mp3\"><\/audio><figcaption>Weinkeller Polka<\/figcaption><\/figure>\n<!-- \/wp:audio -->\n\n<!-- wp:audio {\"id\":1138} -->\n<figure class=\"wp-block-audio\"><audio controls src=\"\/content\/wp-content\/uploads\/2020\/01\/Deitschmeister-Regimentsmarsch.mp3\"><\/audio><figcaption>Deutschmeister Regimentsmarsch<\/figcaption><\/figure>\n<!-- \/wp:audio -->\n\n<!-- wp:audio {\"id\":1145} -->\n<figure class=\"wp-block-audio\"><audio controls src=\"\/content\/wp-content\/uploads\/2020\/01\/Military-Escort.mp3\"><\/audio><figcaption>Military Escort<\/figcaption><\/figure>\n<!-- \/wp:audio -->","_et_gb_content_width":"","footnotes":""},"class_list":["post-1186","page","type-page","status-publish","hentry"],"_links":{"self":[{"href":"\/content\/wp-json\/wp\/v2\/pages\/1186","targetHints":{"allow":["GET"]}}],"collection":[{"href":"\/content\/wp-json\/wp\/v2\/pages"}],"about":[{"href":"\/content\/wp-json\/wp\/v2\/types\/page"}],"author":[{"embeddable":true,"href":"\/content\/wp-json\/wp\/v2\/users\/6"}],"replies":[{"embeddable":true,"href":"\/content\/wp-json\/wp\/v2\/comments?post=1186"}],"version-history":[{"count":10,"href":"\/content\/wp-json\/wp\/v2\/pages\/1186\/revisions"}],"predecessor-version":[{"id":1423,"href":"\/content\/wp-json\/wp\/v2\/pages\/1186\/revisions\/1423"}],"wp:attachment":[{"href":"\/content\/wp-json\/wp\/v2\/media?parent=1186"}],"curies":[{"name":"wp","href":"https:\/\/api.w.org\/{rel}","templated":true}]}}