{"id":12,"date":"2013-02-16T17:48:27","date_gmt":"2013-02-16T15:48:27","guid":{"rendered":"http:\/\/musikverein.neudhart.at\/content\/?page_id=12"},"modified":"2021-12-27T00:20:50","modified_gmt":"2021-12-26T23:20:50","slug":"chronik","status":"publish","type":"page","link":"\/content\/verein\/chronik\/","title":{"rendered":"Chronik"},"content":{"rendered":"<p>Die Chronik des Vereins<\/p>\n<p>Seit der Gr\u00fcndung des Musikverein Prottes hat dieser bei jeder Konzertwertung und bei fast jeder Marschwertung teilgenommen.<br \/>\nSeit 1971 veranstaltet der Musikverein Prottes j\u00e4hrlich ein Konzert zu Weihnachten.<\/p>\n<p><a>2021<\/a><\/p>\n<p>Wir feiern 50+1 Jahr dokumentiert in einer <a href=\"\/content\/jubilaeumszeitung\/\">Jubil\u00e4umszeitung<\/a>.<\/p>\n<p><a>2015<\/a><\/p>\n<p>Am 13.09.2015 spielten wir und ein Quintett der BOKU Blaskapelle den Radio \u2013 N\u00d6 Fr\u00fchschoppen zur Feier 900 Jahre Prottes im Festzelt mit dem Moderator Hannes Wolfsbauer und als Ehrengast LH Erwin Pr\u00f6ll. Das Zelt war Randvoll und die Stimmung war gro\u00dfartig!<\/p>\n<hr \/>\n<p>Am 05.09.2015 feierte Susanne Pallan ihr 20 \u2013 Jahre Jubil\u00e4um mit ihrem Friesiersalon \u201eHairstyling by Susanne\u201c. Wir durften das Fest musikalisch Umrahmen und spielten mit unserer Saxophonistin Susanne einen gem\u00fctlichen Fr\u00fchschoppen.<\/p>\n<hr \/>\n<p>Da im September die Wochenenden ziehmlich \u00fcberf\u00fcllt sind beschlossen wir die heurige Marschbewertung am 13.06.2015 im Bezirk Bruck \/ Leitha \u2013 in Hof am Leithagebirge wahr zu nehmen!<\/p>\n<p>Wir erreichten in der Stufe C einen Ausgezeichneten Erfolg!<\/p>\n<p>Danke dem Stabf\u00fchrer und den Musikern f\u00fcr ihr Engagement!<\/p>\n<p><a>2014<\/a><\/p>\n<p>Am 29.10.2014 haben wir mit Norbert Schneider einen Song f\u00fcr seine neue CD aufgenommen! \u201c Immer schee drauf bleibm\u201c heisst der Ska \u2013 Song bei dem wir die Bl\u00e4sers\u00e4tze und etwas Schlagzeug einspielen durften!<\/p>\n<p><a>2005<\/a><\/p>\n<p>Konzertbewertung und Marschmusikbewertung zum 35 j\u00e4hrigen Bestandsjubil\u00e4um in Prottes<\/p>\n<p><a>2000<\/a><\/p>\n<p>23. Okt.: Radio 4\/4 in den R\u00e4umlichkeiten der Klenkhartkellerei<\/p>\n<hr \/>\n<p>18. Juni: MV Prottes veranstaltet das 1. Weisenblasen im Bezirk G\u00e4nserndorf<\/p>\n<hr \/>\n<p>13. Mai: Teilnahme einiger an der Millenniumsveranstaltung in St. P\u00f6lten<\/p>\n<p><a>1999<\/a><\/p>\n<p>Der erste Fliegerball wird veranstaltet<\/p>\n<p><a>1998<\/a><\/p>\n<p>Die Blaskapelle Gloria h\u00e4lt am 19. April ein Konzert in Prottes<\/p>\n<p><a>1997<\/a><\/p>\n<p>21. August: Radio 4\/4 in Prottes<\/p>\n<hr \/>\n<p>31. Mai: Ausflug nach Mayerhofen\/Zillertal, Besichtigung von Innsbruck<\/p>\n<p><a>1996<\/a><\/p>\n<p>31. Mai: Ausflug nach Mayerhofen\/Zillertal, Besichtigung von Innsbruck<\/p>\n<p><a>1995<\/a><\/p>\n<p>Marschwertung in Prottes<\/p>\n<p><a>1994<\/a><\/p>\n<p>August: Ausflug nach Mauer-\u00d6hling zur Einweihung des Musikerheims<\/p>\n<p><a>1993<\/a><\/p>\n<p>Juni: Besuch vom MV Mauer-\u00d6hling in Prottes<\/p>\n<p><a>1992<\/a><\/p>\n<p>Pfingsten: ORF-Fr\u00fchschoppen in der Protteser Sporthalle<\/p>\n<p><a>1991<\/a><\/p>\n<p>8. Sept.: Ausflug nach Mauer-\u00d6hling<\/p>\n<p>Kurzbesuch des MV Patergassen\/K\u00e4rnten in Prottes<\/p>\n<p><a>1990<\/a><\/p>\n<p>Mai: MV Mauer-\u00d6hling zu Besuch in Prottes<\/p>\n<p><a>1988<\/a><\/p>\n<p>Okt: MV Kirchdorf\/Tirol in Prottes zu Besuch<\/p>\n<p><a>1987<\/a><\/p>\n<p>Erster Tontr\u00e4ger: Aufnahme einer Musikkassette<\/p>\n<p><a>1984<\/a><\/p>\n<p>Mai: MV Patergassen\/K\u00e4rnten zu Besuch in Prottes<\/p>\n<p><a>1983<\/a><\/p>\n<p>Kurkonzert in Bad-Deutschaltenburg<\/p>\n<p><a>1982<\/a><\/p>\n<p>MV Prottes zu Besuch in Patergassen\/K\u00e4rnten<\/p>\n<p><a>1980<\/a><\/p>\n<p>Bundesmusikkapelle Kirchdorf\/Tirol wieder zu Besuch in Prottes<\/p>\n<p><a>1978<\/a><\/p>\n<p>Ausflug und Konzert in Bad Hofgastein<\/p>\n<p><a>1970<\/a><\/p>\n<p>Gr\u00fcndung des MV Prottes und 1. Jahreskonzert<\/p>\n","protected":false},"excerpt":{"rendered":"<p>Die Chronik des Vereins Seit der Gr\u00fcndung des Musikverein Prottes hat dieser bei jeder Konzertwertung und bei fast jeder Marschwertung teilgenommen. Seit 1971 veranstaltet der Musikverein Prottes j\u00e4hrlich ein Konzert zu Weihnachten. 2021 Wir feiern 50+1 Jahr dokumentiert in einer Jubil\u00e4umszeitung. 2015 Am 13.09.2015 spielten wir und ein Quintett der BOKU Blaskapelle den Radio \u2013 [&hellip;]<\/p>\n","protected":false},"author":7,"featured_media":0,"parent":8,"menu_order":0,"comment_status":"open","ping_status":"open","template":"","meta":{"_et_pb_use_builder":"off","_et_pb_old_content":"<img width=\"640\" height=\"427\" src=\"\/content\/wp-content\/uploads\/2019\/09\/Gruppefoto_gro\u00df_s-1024x683.jpg\" alt=\"\" srcset=\"\/content\/wp-content\/uploads\/2019\/09\/Gruppefoto_gro\u00df_s-1024x683.jpg 1024w, \/content\/wp-content\/uploads\/2019\/09\/Gruppefoto_gro\u00df_s-300x200.jpg 300w, \/content\/wp-content\/uploads\/2019\/09\/Gruppefoto_gro\u00df_s-768x512.jpg 768w, \/content\/wp-content\/uploads\/2019\/09\/Gruppefoto_gro\u00df_s.jpg 1440w\" sizes=\"(max-width: 640px) 100vw, 640px\" \/>\t\t\t\t\t\t\t\t\t\t\t\n\t\t\t\t\t\t\tDie Chronik des Vereins\n\t\t<p>Seit der Gr\u00fcndung des Musikverein Prottes hat dieser bei jeder Konzertwertung und bei fast jeder Marschwertung teilgenommen.<br \/>Seit 1971 veranstaltet der Musikverein Prottes j\u00e4hrlich ein Konzert zu Weihnachten.<\/p>\t\t\n\t\t\t\t\t\t\t\t\t\t\t\t<a href=\"\">2015<\/a>\n\t\t\t\t\t<p>Am 13.09.2015 spielten wir und ein Quintett der BOKU Blaskapelle den Radio &#8211; N\u00d6 Fr\u00fchschoppen zur Feier 900 Jahre Prottes im Festzelt mit dem Moderator Hannes Wolfsbauer und als Ehrengast LH Erwin Pr\u00f6ll. Das Zelt war Randvoll und die Stimmung war gro\u00dfartig!<\/p><p>Am 05.09.2015 feierte Susanne Pallan ihr 20 &#8211; Jahre Jubil\u00e4um mit ihrem Friesiersalon &#8222;Hairstyling by Susanne&#8220;. Wir durften das Fest musikalisch Umrahmen und spielten mit unserer Saxophonistin Susanne einen gem\u00fctlichen Fr\u00fchschoppen.<\/p><hr \/><p>Da im September die Wochenenden ziehmlich \u00fcberf\u00fcllt sind beschlossen wir die heurige Marschbewertung am 13.06.2015 im Bezirk Bruck \/ Leitha &#8211; in Hof am Leithagebirge wahr zu nehmen!<\/p><p>Wir erreichten in der Stufe C einen Ausgezeichneten Erfolg!<\/p><p>Danke dem Stabf\u00fchrer und den Musikern f\u00fcr ihr Engagement!<\/p>\n\t\t\t\t\t\t\t\t\t\t\t\t<a href=\"\">2014<\/a>\n\t\t\t\t\t<p>Am 29.10.2014 haben wir mit Norbert Schneider einen Song f\u00fcr seine neue CD aufgenommen! &#8220; Immer schee drauf bleibm&#8220; heisst der Ska &#8211; Song bei dem wir die Bl\u00e4sers\u00e4tze und etwas Schlagzeug einspielen durften!<\/p>\n\t\t\t\t\t\t\t\t\t\t\t\t<a href=\"\">2005<\/a>\n\t\t\t\t\t<p>Konzertbewertung und Marschmusikbewertung zum 35 j\u00e4hrigen Bestandsjubil\u00e4um in Prottes<\/p>\n\t\t\t\t\t\t\t\t\t\t\t\t<a href=\"\">2000<\/a>\n\t\t\t\t\t<p>23. Okt.: Radio 4\/4 in den R\u00e4umlichkeiten der Klenkhartkellerei<\/p><hr \/><p>18. Juni: MV Prottes veranstaltet das 1. Weisenblasen im Bezirk G\u00e4nserndorf<\/p><hr \/><p>13. Mai: Teilnahme einiger an der Millenniumsveranstaltung in St. P\u00f6lten<\/p>\n\t\t\t\t\t\t\t\t\t\t\t\t<a href=\"\">1999<\/a>\n\t\t\t\t\t<p>Der erste Fliegerball wird veranstaltet<\/p>\n\t\t\t\t\t\t\t\t\t\t\t\t<a href=\"\">1998<\/a>\n\t\t\t\t\t<p>Die Blaskapelle Gloria h\u00e4lt am 19. April ein Konzert in Prottes<\/p>\n\t\t\t\t\t\t\t\t\t\t\t\t<a href=\"\">1997<\/a>\n\t\t\t\t\t<p>21. August: Radio 4\/4 in Prottes<\/p><hr \/><p>31. Mai: Ausflug nach Mayerhofen\/Zillertal, Besichtigung von Innsbruck<\/p>\n\t\t\t\t\t\t\t\t\t\t\t\t<a href=\"\">1996<\/a>\n\t\t\t\t\t<p>31. Mai: Ausflug nach Mayerhofen\/Zillertal, Besichtigung von Innsbruck<\/p>\n\t\t\t\t\t\t\t\t\t\t\t\t<a href=\"\">1995<\/a>\n\t\t\t\t\t<p>Marschwertung in Prottes<\/p>\n\t\t\t\t\t\t\t\t\t\t\t\t<a href=\"\">1994<\/a>\n\t\t\t\t\t<p>August: Ausflug nach Mauer-\u00d6hling zur Einweihung des Musikerheims<\/p>\n\t\t\t\t\t\t\t\t\t\t\t\t<a href=\"\">1993<\/a>\n\t\t\t\t\t<p>Juni: Besuch vom MV Mauer-\u00d6hling in Prottes<\/p>\n\t\t\t\t\t\t\t\t\t\t\t\t<a href=\"\">1992<\/a>\n\t\t\t\t\t<p>Pfingsten: ORF-Fr\u00fchschoppen in der Protteser Sporthalle<\/p>\n\t\t\t\t\t\t\t\t\t\t\t\t<a href=\"\">1991<\/a>\n\t\t\t\t\t<p>8. Sept.: Ausflug nach Mauer-\u00d6hling<\/p><p>Kurzbesuch des MV Patergassen\/K\u00e4rnten in Prottes<\/p>\n\t\t\t\t\t\t\t\t\t\t\t\t<a href=\"\">1990<\/a>\n\t\t\t\t\t<p>Mai: MV Mauer-\u00d6hling zu Besuch in Prottes<\/p>\n\t\t\t\t\t\t\t\t\t\t\t\t<a href=\"\">1988<\/a>\n\t\t\t\t\t<p>Okt: MV Kirchdorf\/Tirol in Prottes zu Besuch<\/p>\n\t\t\t\t\t\t\t\t\t\t\t\t<a href=\"\">1987<\/a>\n\t\t\t\t\t<p>Erster Tontr\u00e4ger: Aufnahme einer Musikkassette<\/p>\n\t\t\t\t\t\t\t\t\t\t\t\t<a href=\"\">1984<\/a>\n\t\t\t\t\t<p>Mai: MV Patergassen\/K\u00e4rnten zu Besuch in Prottes<\/p>\n\t\t\t\t\t\t\t\t\t\t\t\t<a href=\"\">1983<\/a>\n\t\t\t\t\t<p>Kurkonzert in Bad-Deutschaltenburg<\/p>\n\t\t\t\t\t\t\t\t\t\t\t\t<a href=\"\">1982<\/a>\n\t\t\t\t\t<p>MV Prottes zu Besuch in Patergassen\/K\u00e4rnten<\/p>\n\t\t\t\t\t\t\t\t\t\t\t\t<a href=\"\">1980<\/a>\n\t\t\t\t\t<p>Bundesmusikkapelle Kirchdorf\/Tirol wieder zu Besuch in Prottes<\/p>\n\t\t\t\t\t\t\t\t\t\t\t\t<a href=\"\">1978<\/a>\n\t\t\t\t\t<p>Ausflug und Konzert in Bad Hofgastein<\/p>\n\t\t\t\t\t\t\t\t\t\t\t\t<a href=\"\">1970<\/a>\n\t\t\t\t\t<p>Gr\u00fcndung des MV Prottes und 1. Jahreskonzert<\/p>","_et_gb_content_width":"","footnotes":""},"class_list":["post-12","page","type-page","status-publish","hentry"],"_links":{"self":[{"href":"\/content\/wp-json\/wp\/v2\/pages\/12","targetHints":{"allow":["GET"]}}],"collection":[{"href":"\/content\/wp-json\/wp\/v2\/pages"}],"about":[{"href":"\/content\/wp-json\/wp\/v2\/types\/page"}],"author":[{"embeddable":true,"href":"\/content\/wp-json\/wp\/v2\/users\/7"}],"replies":[{"embeddable":true,"href":"\/content\/wp-json\/wp\/v2\/comments?post=12"}],"version-history":[{"count":64,"href":"\/content\/wp-json\/wp\/v2\/pages\/12\/revisions"}],"predecessor-version":[{"id":1619,"href":"\/content\/wp-json\/wp\/v2\/pages\/12\/revisions\/1619"}],"up":[{"embeddable":true,"href":"\/content\/wp-json\/wp\/v2\/pages\/8"}],"wp:attachment":[{"href":"\/content\/wp-json\/wp\/v2\/media?parent=12"}],"curies":[{"name":"wp","href":"https:\/\/api.w.org\/{rel}","templated":true}]}}

<p>Die Chronik des Vereins</p>
<p>Seit der Gründung des Musikverein Prottes hat dieser bei jeder Konzertwertung und bei fast jeder Marschwertung teilgenommen.<br />
Seit 1971 veranstaltet der Musikverein Prottes jährlich ein Konzert zu Weihnachten.</p>
<p><a>2021</a></p>
<p>Wir feiern 50+1 Jahr dokumentiert in einer <a href="/content/jubilaeumszeitung/">Jubiläumszeitung</a>.</p>
<p><a>2015</a></p>
<p>Am 13.09.2015 spielten wir und ein Quintett der BOKU Blaskapelle den Radio – NÖ Frühschoppen zur Feier 900 Jahre Prottes im Festzelt mit dem Moderator Hannes Wolfsbauer und als Ehrengast LH Erwin Pröll. Das Zelt war Randvoll und die Stimmung war großartig!</p>
<hr />
<p>Am 05.09.2015 feierte Susanne Pallan ihr 20 – Jahre Jubiläum mit ihrem Friesiersalon „Hairstyling by Susanne“. Wir durften das Fest musikalisch Umrahmen und spielten mit unserer Saxophonistin Susanne einen gemütlichen Frühschoppen.</p>
<hr />
<p>Da im September die Wochenenden ziehmlich überfüllt sind beschlossen wir die heurige Marschbewertung am 13.06.2015 im Bezirk Bruck / Leitha – in Hof am Leithagebirge wahr zu nehmen!</p>
<p>Wir erreichten in der Stufe C einen Ausgezeichneten Erfolg!</p>
<p>Danke dem Stabführer und den Musikern für ihr Engagement!</p>
<p><a>2014</a></p>
<p>Am 29.10.2014 haben wir mit Norbert Schneider einen Song für seine neue CD aufgenommen! “ Immer schee drauf bleibm“ heisst der Ska – Song bei dem wir die Bläsersätze und etwas Schlagzeug einspielen durften!</p>
<p><a>2005</a></p>
<p>Konzertbewertung und Marschmusikbewertung zum 35 jährigen Bestandsjubiläum in Prottes</p>
<p><a>2000</a></p>
<p>23. Okt.: Radio 4/4 in den Räumlichkeiten der Klenkhartkellerei</p>
<hr />
<p>18. Juni: MV Prottes veranstaltet das 1. Weisenblasen im Bezirk Gänserndorf</p>
<hr />
<p>13. Mai: Teilnahme einiger an der Millenniumsveranstaltung in St. Pölten</p>
<p><a>1999</a></p>
<p>Der erste Fliegerball wird veranstaltet</p>
<p><a>1998</a></p>
<p>Die Blaskapelle Gloria hält am 19. April ein Konzert in Prottes</p>
<p><a>1997</a></p>
<p>21. August: Radio 4/4 in Prottes</p>
<hr />
<p>31. Mai: Ausflug nach Mayerhofen/Zillertal, Besichtigung von Innsbruck</p>
<p><a>1996</a></p>
<p>31. Mai: Ausflug nach Mayerhofen/Zillertal, Besichtigung von Innsbruck</p>
<p><a>1995</a></p>
<p>Marschwertung in Prottes</p>
<p><a>1994</a></p>
<p>August: Ausflug nach Mauer-Öhling zur Einweihung des Musikerheims</p>
<p><a>1993</a></p>
<p>Juni: Besuch vom MV Mauer-Öhling in Prottes</p>
<p><a>1992</a></p>
<p>Pfingsten: ORF-Frühschoppen in der Protteser Sporthalle</p>
<p><a>1991</a></p>
<p>8. Sept.: Ausflug nach Mauer-Öhling</p>
<p>Kurzbesuch des MV Patergassen/Kärnten in Prottes</p>
<p><a>1990</a></p>
<p>Mai: MV Mauer-Öhling zu Besuch in Prottes</p>
<p><a>1988</a></p>
<p>Okt: MV Kirchdorf/Tirol in Prottes zu Besuch</p>
<p><a>1987</a></p>
<p>Erster Tonträger: Aufnahme einer Musikkassette</p>
<p><a>1984</a></p>
<p>Mai: MV Patergassen/Kärnten zu Besuch in Prottes</p>
<p><a>1983</a></p>
<p>Kurkonzert in Bad-Deutschaltenburg</p>
<p><a>1982</a></p>
<p>MV Prottes zu Besuch in Patergassen/Kärnten</p>
<p><a>1980</a></p>
<p>Bundesmusikkapelle Kirchdorf/Tirol wieder zu Besuch in Prottes</p>
<p><a>1978</a></p>
<p>Ausflug und Konzert in Bad Hofgastein</p>
<p><a>1970</a></p>
<p>Gründung des MV Prottes und 1. Jahreskonzert</p>

<p>Die Chronik des Vereins Seit der Gründung des Musikverein Prottes hat dieser bei jeder Konzertwertung und bei fast jeder Marschwertung teilgenommen. Seit 1971 veranstaltet der Musikverein Prottes jährlich ein Konzert zu Weihnachten. 2021 Wir feiern 50+1 Jahr dokumentiert in einer Jubiläumszeitung. 2015 Am 13.09.2015 spielten wir und ein Quintett der BOKU Blaskapelle den Radio – [&hellip;]</p>

<img width="640" height="427" src="/content/wp-content/uploads/2019/09/Gruppefoto_groß_s-1024x683.jpg" alt="" srcset="/content/wp-content/uploads/2019/09/Gruppefoto_groß_s-1024x683.jpg 1024w, /content/wp-content/uploads/2019/09/Gruppefoto_groß_s-300x200.jpg 300w, /content/wp-content/uploads/2019/09/Gruppefoto_groß_s-768x512.jpg 768w, /content/wp-content/uploads/2019/09/Gruppefoto_groß_s.jpg 1440w" sizes="(max-width: 640px) 100vw, 640px" />											
							Die Chronik des Vereins
		<p>Seit der Gründung des Musikverein Prottes hat dieser bei jeder Konzertwertung und bei fast jeder Marschwertung teilgenommen.<br />Seit 1971 veranstaltet der Musikverein Prottes jährlich ein Konzert zu Weihnachten.</p>		
												<a href="">2015</a>
					<p>Am 13.09.2015 spielten wir und ein Quintett der BOKU Blaskapelle den Radio &#8211; NÖ Frühschoppen zur Feier 900 Jahre Prottes im Festzelt mit dem Moderator Hannes Wolfsbauer und als Ehrengast LH Erwin Pröll. Das Zelt war Randvoll und die Stimmung war großartig!</p><p>Am 05.09.2015 feierte Susanne Pallan ihr 20 &#8211; Jahre Jubiläum mit ihrem Friesiersalon &#8222;Hairstyling by Susanne&#8220;. Wir durften das Fest musikalisch Umrahmen und spielten mit unserer Saxophonistin Susanne einen gemütlichen Frühschoppen.</p><hr /><p>Da im September die Wochenenden ziehmlich überfüllt sind beschlossen wir die heurige Marschbewertung am 13.06.2015 im Bezirk Bruck / Leitha &#8211; in Hof am Leithagebirge wahr zu nehmen!</p><p>Wir erreichten in der Stufe C einen Ausgezeichneten Erfolg!</p><p>Danke dem Stabführer und den Musikern für ihr Engagement!</p>
												<a href="">2014</a>
					<p>Am 29.10.2014 haben wir mit Norbert Schneider einen Song für seine neue CD aufgenommen! &#8220; Immer schee drauf bleibm&#8220; heisst der Ska &#8211; Song bei dem wir die Bläsersätze und etwas Schlagzeug einspielen durften!</p>
												<a href="">2005</a>
					<p>Konzertbewertung und Marschmusikbewertung zum 35 jährigen Bestandsjubiläum in Prottes</p>
												<a href="">2000</a>
					<p>23. Okt.: Radio 4/4 in den Räumlichkeiten der Klenkhartkellerei</p><hr /><p>18. Juni: MV Prottes veranstaltet das 1. Weisenblasen im Bezirk Gänserndorf</p><hr /><p>13. Mai: Teilnahme einiger an der Millenniumsveranstaltung in St. Pölten</p>
												<a href="">1999</a>
					<p>Der erste Fliegerball wird veranstaltet</p>
												<a href="">1998</a>
					<p>Die Blaskapelle Gloria hält am 19. April ein Konzert in Prottes</p>
												<a href="">1997</a>
					<p>21. August: Radio 4/4 in Prottes</p><hr /><p>31. Mai: Ausflug nach Mayerhofen/Zillertal, Besichtigung von Innsbruck</p>
												<a href="">1996</a>
					<p>31. Mai: Ausflug nach Mayerhofen/Zillertal, Besichtigung von Innsbruck</p>
												<a href="">1995</a>
					<p>Marschwertung in Prottes</p>
												<a href="">1994</a>
					<p>August: Ausflug nach Mauer-Öhling zur Einweihung des Musikerheims</p>
												<a href="">1993</a>
					<p>Juni: Besuch vom MV Mauer-Öhling in Prottes</p>
												<a href="">1992</a>
					<p>Pfingsten: ORF-Frühschoppen in der Protteser Sporthalle</p>
												<a href="">1991</a>
					<p>8. Sept.: Ausflug nach Mauer-Öhling</p><p>Kurzbesuch des MV Patergassen/Kärnten in Prottes</p>
												<a href="">1990</a>
					<p>Mai: MV Mauer-Öhling zu Besuch in Prottes</p>
												<a href="">1988</a>
					<p>Okt: MV Kirchdorf/Tirol in Prottes zu Besuch</p>
												<a href="">1987</a>
					<p>Erster Tonträger: Aufnahme einer Musikkassette</p>
												<a href="">1984</a>
					<p>Mai: MV Patergassen/Kärnten zu Besuch in Prottes</p>
												<a href="">1983</a>
					<p>Kurkonzert in Bad-Deutschaltenburg</p>
												<a href="">1982</a>
					<p>MV Prottes zu Besuch in Patergassen/Kärnten</p>
												<a href="">1980</a>
					<p>Bundesmusikkapelle Kirchdorf/Tirol wieder zu Besuch in Prottes</p>
												<a href="">1978</a>
					<p>Ausflug und Konzert in Bad Hofgastein</p>
												<a href="">1970</a>
					<p>Gründung des MV Prottes und 1. Jahreskonzert</p>
